{"id":15715,"date":"2022-07-25T15:00:00","date_gmt":"2022-07-25T13:00:00","guid":{"rendered":"https:\/\/laboratoire-microsept.fr\/?page_id=15715"},"modified":"2022-07-27T11:57:46","modified_gmt":"2022-07-27T09:57:46","slug":"nos-references","status":"publish","type":"page","link":"https:\/\/laboratoire-microsept.fr\/index.php\/centre-formation\/nos-references\/","title":{"rendered":"Nos r\u00e9f\u00e9rences"},"content":{"rendered":"\r\n<div class=\"fusion-fullwidth fullwidth-box fusion-builder-row-1 fusion-flex-container nonhundred-percent-fullwidth non-hundred-percent-height-scrolling\" style=\"--awb-border-radius-top-left:0px;--awb-border-radius-top-right:0px;--awb-border-radius-bottom-right:0px;--awb-border-radius-bottom-left:0px;--awb-flex-wrap:wrap;\" ><div class=\"fusion-builder-row fusion-row fusion-flex-align-items-flex-start fusion-flex-content-wrap\" style=\"max-width:104%;margin-left: calc(-4% \/ 2 );margin-right: calc(-4% \/ 2 );\"><div class=\"fusion-layout-column fusion_builder_column fusion-builder-column-0 fusion_builder_column_1_1 1_1 fusion-flex-column\" style=\"--awb-bg-size:cover;--awb-width-large:100%;--awb-margin-top-large:0px;--awb-spacing-right-large:1.92%;--awb-margin-bottom-large:0px;--awb-spacing-left-large:1.92%;--awb-width-medium:100%;--awb-spacing-right-medium:1.92%;--awb-spacing-left-medium:1.92%;--awb-width-small:100%;--awb-spacing-right-small:1.92%;--awb-spacing-left-small:1.92%;\"><div class=\"fusion-column-wrapper fusion-flex-justify-content-flex-start fusion-content-layout-column\"><div class=\"fusion-text fusion-text-1\"><div class=\"wp-block-cover\"><img decoding=\"async\" width=\"2560\" height=\"1709\" class=\"wp-block-cover__image-background wp-image-15727\" src=\"https:\/\/laboratoire-microsept.fr\/wp-content\/uploads\/2022\/07\/DSC_0180-scaled.jpg\" alt=\"\" data-object-fit=\"cover\" srcset=\"https:\/\/laboratoire-microsept.fr\/wp-content\/uploads\/2022\/07\/DSC_0180-200x133.jpg 200w, https:\/\/laboratoire-microsept.fr\/wp-content\/uploads\/2022\/07\/DSC_0180-300x200.jpg 300w, https:\/\/laboratoire-microsept.fr\/wp-content\/uploads\/2022\/07\/DSC_0180-400x267.jpg 400w, https:\/\/laboratoire-microsept.fr\/wp-content\/uploads\/2022\/07\/DSC_0180-600x400.jpg 600w, https:\/\/laboratoire-microsept.fr\/wp-content\/uploads\/2022\/07\/DSC_0180-768x513.jpg 768w, https:\/\/laboratoire-microsept.fr\/wp-content\/uploads\/2022\/07\/DSC_0180-800x534.jpg 800w, https:\/\/laboratoire-microsept.fr\/wp-content\/uploads\/2022\/07\/DSC_0180-1024x683.jpg 1024w, https:\/\/laboratoire-microsept.fr\/wp-content\/uploads\/2022\/07\/DSC_0180-1200x801.jpg 1200w, https:\/\/laboratoire-microsept.fr\/wp-content\/uploads\/2022\/07\/DSC_0180-1536x1025.jpg 1536w, https:\/\/laboratoire-microsept.fr\/wp-content\/uploads\/2022\/07\/DSC_0180-scaled.jpg 2560w\" sizes=\"(max-width: 2560px) 100vw, 2560px\" \/><\/p>\n<div class=\"wp-block-cover__inner-container is-layout-flow wp-block-cover-is-layout-flow\">\n<p class=\"has-text-align-center\" style=\"font-size: 50px;\"><strong>MICROSEPT, CERTIFI\u00c9 QUALIOPI\u00a0!<\/strong><\/p>\n<\/div>\n<\/div>\n<p>&nbsp;<\/p>\n<p>&nbsp;<\/p>\n<p class=\"has-text-color\" style=\"color: #20223e; font-size: 25px;\"><strong>Votre organisme de formation Microsept est certifi\u00e9 Qualiopi !<\/strong><\/p>\n<p class=\"has-text-color\" style=\"color: #20223e; font-size: 18px;\">La certification Qualiopi atteste de la qualit\u00e9 de notre processus mis en \u0153uvre pour nos actions de formation et de la qualit\u00e9 de nos prestations, de l\u2019identification de vos besoins \u00e0 la remise de vos documents post-formation.<\/p>\n<figure class=\"wp-block-gallery has-nested-images columns-default is-cropped wp-block-gallery-1 is-layout-flex wp-block-gallery-is-layout-flex\">\n<figure class=\"wp-block-image size-large is-style-rounded\"><img decoding=\"async\" data-id=\"15721\" class=\"wp-image-15721\" src=\"https:\/\/laboratoire-microsept.fr\/wp-content\/uploads\/2022\/07\/Capture-1.jpg\" alt=\"\" \/><figcaption>LOGO QUALIOPI : Actions de formations<\/figcaption><\/figure>\n<figure class=\"wp-block-image size-large is-style-rounded\"><img decoding=\"async\" data-id=\"15729\" class=\"wp-image-15729\" src=\"https:\/\/laboratoire-microsept.fr\/wp-content\/uploads\/2022\/07\/ICERT.jpg\" alt=\"\" \/><figcaption>LOGO ICERT ; Certification QUALIOPI CPS RNCQ 0169 &#8211; Port\u00e9e disponible : www.icert.fr<\/figcaption><\/figure>\n<\/figure>\n<h1 class=\"has-text-color has-xlarge-font-size wp-block-heading\" style=\"color: #a57aa5; font-style: normal; font-weight: 800;\"><strong>QU\u2019EST-CE QUE LA CERTIFICATION QUALIOPI\u00a0?<\/strong><\/h1>\n<p class=\"has-text-color\" style=\"color: #20223e; font-size: 18px;\">La\u00a0<a href=\"https:\/\/www.legifrance.gouv.fr\/loda\/id\/JORFTEXT000037367660\/\">loi pour la libert\u00e9 de choisir son avenir professionnel<\/a> incite l\u2019ensemble des acteurs de la formation professionnelle en France \u00e0 \u00eatre certifi\u00e9s Qualiopi au plus tard le 1 janvier 2022.<\/p>\n<p class=\"has-text-color\" style=\"color: #20223e; font-size: 18px;\">Cette certification est accord\u00e9e aux organismes tels que Microsept apr\u00e8s audit par des organismes certificateurs accr\u00e9dit\u00e9s.<\/p>\n<h1 class=\"has-text-color has-xlarge-font-size wp-block-heading\" style=\"color: #a57aa5; font-style: normal; font-weight: 800;\"><strong>R\u00c9F\u00c9RENTIEL QUALIOPI, QUELS SONT LES CRIT\u00c8RES DE CERTIFICATION\u00a0?<\/strong><\/h1>\n<p class=\"has-text-color\" style=\"color: #20223e; font-size: 18px;\">L\u2019organisme certificateur, accr\u00e9dit\u00e9\u00a0<a href=\"https:\/\/www.cofrac.fr\/\">Cofrac<\/a>, v\u00e9rifie lors de l\u2019audit les 7 crit\u00e8res mentionn\u00e9s dans le\u00a0<a href=\"https:\/\/travail-emploi.gouv.fr\/demarches-ressources-documentaires\/documentation-et-publications-officielles\/guides\/guide-referentiel-national-qualite\">r\u00e9f\u00e9rentiel national qualit\u00e9 Qualiopi<\/a>.<\/p>\n<p class=\"has-text-color\" style=\"color: #20223e; font-size: 18px;\">L\u2019organisme de formation doit d\u00e9montrer qu\u2019il maitrise les 32 indicateurs de ces 7 crit\u00e8res repris ci-dessous :<\/p>\n<div class=\"wp-block-image is-style-rounded\">\n<figure class=\"aligncenter size-full\"><a href=\"https:\/\/laboratoire-microsept.fr\/wp-content\/uploads\/2022\/07\/Charte-m7-formation.jpg\"><img decoding=\"async\" width=\"684\" height=\"467\" class=\"wp-image-15731 aligncenter\" src=\"https:\/\/laboratoire-microsept.fr\/wp-content\/uploads\/2022\/07\/Charte-m7-formation.jpg\" alt=\"\" srcset=\"https:\/\/laboratoire-microsept.fr\/wp-content\/uploads\/2022\/07\/Charte-m7-formation-200x137.jpg 200w, https:\/\/laboratoire-microsept.fr\/wp-content\/uploads\/2022\/07\/Charte-m7-formation-300x205.jpg 300w, https:\/\/laboratoire-microsept.fr\/wp-content\/uploads\/2022\/07\/Charte-m7-formation-400x273.jpg 400w, https:\/\/laboratoire-microsept.fr\/wp-content\/uploads\/2022\/07\/Charte-m7-formation-600x410.jpg 600w, https:\/\/laboratoire-microsept.fr\/wp-content\/uploads\/2022\/07\/Charte-m7-formation.jpg 684w\" sizes=\"(max-width: 684px) 100vw, 684px\" \/><\/a><figcaption><strong>Charte QUALIOPI &#8211; Microsept Formation<\/strong><\/figcaption><\/figure>\n<\/div>\n<h1 class=\"alignwide has-text-align-left has-text-color has-xlarge-font-size wp-block-heading\" style=\"color: #a57aa5; font-style: normal; font-weight: 800;\">MICROSEPT, vous accompagne &#8230;<\/h1>\n<p class=\"has-text-color\" style=\"color: #20223e; font-size: 18px;\">MICROSEPT vous accompagne dans le d\u00e9veloppement des comp\u00e9tences de vos salari\u00e9s. Retrouvez sur notre site le catalogue des prestations propos\u00e9es. Un projet de formation sur-mesure, une demande d\u2019information, un devis \u2026 contactez\u00a0Delphine RENOU-CHEVALIER <a href=\"mailto:d.renou@microsept.fr\">d.renou@microsept.fr<\/a> ou au 02.41.41.70.70.<\/p>\n<\/div><\/div><\/div><\/div><\/div>\r\n","protected":false},"excerpt":{"rendered":"","protected":false},"author":11,"featured_media":0,"parent":694,"menu_order":0,"comment_status":"closed","ping_status":"closed","template":"","meta":{"footnotes":""},"class_list":["post-15715","page","type-page","status-publish","hentry"],"_links":{"self":[{"href":"https:\/\/laboratoire-microsept.fr\/index.php\/wp-json\/wp\/v2\/pages\/15715","targetHints":{"allow":["GET"]}}],"collection":[{"href":"https:\/\/laboratoire-microsept.fr\/index.php\/wp-json\/wp\/v2\/pages"}],"about":[{"href":"https:\/\/laboratoire-microsept.fr\/index.php\/wp-json\/wp\/v2\/types\/page"}],"author":[{"embeddable":true,"href":"https:\/\/laboratoire-microsept.fr\/index.php\/wp-json\/wp\/v2\/users\/11"}],"replies":[{"embeddable":true,"href":"https:\/\/laboratoire-microsept.fr\/index.php\/wp-json\/wp\/v2\/comments?post=15715"}],"version-history":[{"count":0,"href":"https:\/\/laboratoire-microsept.fr\/index.php\/wp-json\/wp\/v2\/pages\/15715\/revisions"}],"up":[{"embeddable":true,"href":"https:\/\/laboratoire-microsept.fr\/index.php\/wp-json\/wp\/v2\/pages\/694"}],"wp:attachment":[{"href":"https:\/\/laboratoire-microsept.fr\/index.php\/wp-json\/wp\/v2\/media?parent=15715"}],"curies":[{"name":"wp","href":"https:\/\/api.w.org\/{rel}","templated":true}]}}